 1. Calculate r(3).
-92
Let v(b) = b**3 + b**2 - b - 1. Determine v(1).
0
Let y(b) = -5*b**2 - 2*b + 3. Calculate y(-3).
-36
Let h(z) = z**2 + 9*z - 25. Calculate h(-11).
-3
Let o(c) = c - 16. Determine o(12).
-4
Let x(c) = c**3 + c**2 + 3*c + 10. Give x(-4).
-50
Let f(z) = 2*z**2 - 12*z - 4. Calculate f(6).
-4
Let f(t) = 19*t - 55. Determine f(-3).
-112
Let c(y) = 9*y**3 + 2*y**2 - y + 1. What is c(1)?
11
Let g(l) = 4*l**2 + l + 1. Give g(2).
19
Let f(d) = -d + 19. What is f(13)?
6
Let a(l) = -l**3 - 9*l**2 + 8*l - 29. Give a(-10).
-9
Let z(x) = x**2 - 22*x + 27. Determine z(21).
6
Let r(k) = -k**3 + 10*k**2 - 10*k - 9. Calculate r(9).
-18
Let j(p) = -2*p**2 - 35*p + 10. Determine j(0).
10
Let n(p) = -70*p + 39. Determine n(1).
-31
Let t(w) = -4*w**2 + 9*w + 28. Determine t(-2).
-6
Let g(u) = u**2 + 9*u - 1. Calculate g(-8).
-9
Let k(j) = -26*j - 45. Determine k(-3).
33
Let u(l) = -l + 10. What is u(13)?
-3
Let t(q) = 3*q - 1. Give t(2).
5
Let d(q) = -2*q**2 + 3*q + 3. Calculate d(2).
1
Let h(q) = q + 56. Calculate h(0).
56
Let c(z) = -z - 40. Give c(-12).
-28
Let l(p) = p - 40. What is l(34)?
-6
Let u(i) = -i**2 - 15*i - 24. Determine u(-13).
2
Let d(t) = -t**3 + 15*t**2 - 12*t - 23. Give d(14).
5
Let z(k) = -k**3 + 13*k**2 + 15*k + 17. Calculate z(14).
31
Let d(o) = -o - 23. Determine d(-19).
-4
Let i(m) = 10*m - 159. Give i(14).
-19
Let h(n) = -38*n - 357. Give h(-9).
-15
Let g(d) = -2*d**2 - 12*d - 20. Determine g(-8).
-52
Let q(g) = -g + 4. What is q(-5)?
9
Let f(a) = -6*a**3 + 41*a**2 + 11*a - 15. Determine f(7).
13
Let w(z) = 7*z - 52. Calculate w(6).
-10
Let m(c) = -c**2 - 6*c - 4. Give m(-6).
-4
Let k(p) = -p**3 + 9*p**2 - 9*p - 2. Determine k(8).
-10
Let s(n) = 6*n + 10. Calculate s(-4).
-14
Let x(q) = 132*q - 2. Determine x(0).
-2
Let c(d) = -d**3 - 9*d**2 + 2*d + 9. What is c(-9)?
-9
Let y(f) = -7*f + 29. Determine y(3).
8
Let o(a) = -a**2 + 18*a + 5. Determine o(19).
-14
Let h(n) = 20*n**2 - 2*n + 2. Determine h(1).
20
Let t(k) = 30*k - 12. Determine t(-5).
-162
Let f(j) = 3*j - 1. What is f(-6)?
-19
Let z(q) = q**2 - 2*q - 2. What is z(-3)?
13
Let b(u) = u**3 + 15*u**2 - 13*u + 38. Determine b(-16).
-10
Let l(c) = 6*c**3 + 14*c - 15. Calculate l(1).
5
Let k(q) = -q**2 + 26*q + 52. Determine k(28).
-4
Let k(c) = c**3 + 2*c**2 - 4*c + 2. Calculate k(-4).
-14
Let a(h) = -36*h + 251. Give a(7).
-1
Let l(a) = a**3 - 9*a**2 - 8*a - 14. What is l(10)?
6
Let s(c) = 2*c - 2. What is s(-3)?
-8
Let n(r) = -r**3 + 8*r**2 + 19*r - 3. Give n(10).
-13
Let y(m) = -m**2 + 25*m - 37. Give y(24).
-13
Let k(c) = -c**2 - 3*c + 1. What is k(-3)?
1
Let f(c) = 21*c**2 + c - 4. Give f(-2).
78
Let i(k) = -37*k**3 + 3*k**2 + 4*k + 2. Determine i(-1).
38
Let h(k) = -k**3 - 13*k**2 - 19*k + 100. Calculate h(-10).
-10
Let r(b) = 5*b**3 + 2*b**2 - 1. Give r(1).
6
Let l(j) = -j**3 + 12*j**2 - 12*j + 11. What is l(11)?
0
Let w(a) = 11*a**2 + 199*a + 20. Calculate w(-18).
2
Let f(t) = 46*t + 104. Determine f(-2).
12
Let r(v) = v**3 - 9*v**2 - 18*v + 17. Determine r(11).
61
Let m(d) = -8*d - 10. Calculate m(6).
-58
Let y(x) = 5*x - 27. Give y(4).
-7
Let q(z) = z**2 - z + 3. Calculate q(2).
5
Let r(b) = -b**2 + 2*b. What is r(-2)?
-8
Let u(m) = 2*m**3 + 5*m**2 + 4*m + 8. Calculate u(-3).
-13
Let u(s) = -2*s**2 - 5*s + 4. Determine u(3).
-29
Let t(v) = v**3 + 2*v**2 + v + 3. Determine t(0).
3
Let w(q) = 2*q**2 + 2*q - 107. Calculate w(-8).
5
Let x(r) = -r**2 + 15*r - 10. What is x(12)?
26
Let z(r) = r**2 + 14*r + 4. Give z(-7).
-45
Let w(h) = -67*h - 141. Determine w(-2).
-7
Let c(f) = -f**2 + 36*f + 148. Calculate c(40).
-12
Let c(a) = -a**3 - 21*a**2 - 70*a - 39. What is c(-17)?
-5
Let c(v) = -9*v**2 - 55*v + 15. Calculate c(-7).
-41
Let i(q) = 2*q - 22. Give i(-4).
-30
Let v(x) = -x**3 - 12*x**2 - 11*x + 99. Give v(-10).
9
Let j(q) = 14*q + 68. What is j(-5)?
-2
Let p(q) = q**3 + 18*q**2 + 17*q - 48. Determine p(-17).
-48
Let n(u) = -7*u - 22. What is n(-3)?
-1
Let n(k) = 3*k**2 - 79*k + 40. What is n(26)?
14
Let m(f) = -f**2 - 6*f + 58. Calculate m(-8).
42
Let u(g) = -2*g + 36. Determine u(18).
0
Let m(p) = -p**2 + 2*p + 3. Determine m(-2).
-5
Let n(h) = 2*h**2 + 9*h + 2. What is n(-6)?
20
Let q(t) = -2*t + 3. Determine q(-4).
11
Let w(r) = -2*r**3 - 20*r**2 + 19*r - 11. What is w(-11)?
22
Let t(g) = -g**3 + 8*g**2 - 15*g + 17. Determine t(6).
-1
Let w(a) = -a**3 + 11*a**2 - 11*a + 3. What is w(10)?
-7
Let x(v) = -7*v - 9. Determine x(-2).
5
Let x(s) = 16*s + 2. Calculate x(-2).
-30
Let l(q) = -q**3 - 22*q**2 - 57*q + 6. What is l(-19)?
6
Let r(v) = -v**3 - 2*v**2 + 67*v + 39. Calculate r(-9).
3
Let j(d) = -6*d**2 + d. What is j(2)?
-22
Let m(x) = -2*x + 12. What is m(0)?
12
Let i(a) = 3*a + 16. Give i(10).
46
Let m(a) = 3*a**3 + 2*a**2 - 3*a + 4. What is m(-2)?
-6
Let c(w) = -w**3 + 8*w**2 - 18*w + 44. Calculate c(6).
8
Let d(j) = -j**3 + 8*j**2 - 9*j + 12. Calculate d(8).
-60
Let k(i) = -i**2 + 11*i + 7. Calculate k(12).
-5
Let q(p) = p**3 + 5*p**2 - 7*p + 3. Determine q(-6).
9
Let n(u) = 2*u**3 - 5*u**2 + u + 6. What is n(3)?
18
Let n(c) = -72*c + 374. Determine n(5).
14
Let a(j) = -j - 8. Give a(-5).
-3
Let m(g) = 19*g**3 + g**2 - g. What is m(1)?
19
Let t(n) = 57*n**2 - n. Calculate t(-1).
58
Let q(h) = h**2 - 11*h - 9. Determine q(12).
3
Let x(g) = -2*g + 6. Calculate x(4).
-2
Let f(n) = n**3 - n**2 - 2*n - 5. Determine f(4).
35
Let c(z) = -2*z**2 + 61*z + 45. What is c(31)?
14
Let t(w) = -5*w**3 + w**2 + w - 3. What is t(1)?
-6
Let k(g) = g**3 + 6*g**2 - g - 1. What is k(-6)?
5
Let x(t) = t - 16. What is x(6)?
-10
Let f(t) = -t**2 + 4*t - 6. Determine f(4).
-6
Let z(k) = -2*k**3 - 6*k**2 - 6*k + 3. Calculate z(-2).
7
Let s(g) = -g**3 + 4*g**2 + 6*g - 10. Determine s(4).
14
Let w(i) = -3*i**2 - 11*i + 6. Calculate w(-5).
-14
Let d(u) = u**2 - 37*u - 61. Calculate d(38).
-23
Let v(t) = -t + 16. Calculate v(10).
6
Let r(k) = -2*k + 4. Give r(3).
-2
Let r(g) = -g**2 - 14*g - 14. What is r(-14)?
-14
Let f(r) = r**3 - 2*r**2 - 6*r + 5. Give f(4).
13
Let m(z) = -2*z**3 - 16*z**2 - 12*z + 8. Determine m(-7).
-6
Let u(t) = 15*t + 6. Calculate u(4).
66
Let m(j) = j**3 + 4*j**2 - 3*j + 1. Give m(2).
19
Let z(i) = -17*i - 7. What is z(-2)?
27
Let o(f) = -f**2 - 17*f - 6. Determine o(-13).
46
Let v(g) = -g**3 + 7*g**2 - 9*g - 7. Calculate v(5).
-2
Let s(g) = g + 1. What is s(-15)?
-14
Let j(m) = -6*m**2 - 32*m - 14. Calculate j(-5).
-4
Let n(y) = y**3 - 5*y**2 + 8*y - 8. Give n(4).
8
Let m(j) = -5*j + 3. Determine m(5).
-22
Let k(b) = -7*b**3 - 4*b - 3. Determine k(-1).
8
Let k(t) = 7*t + 29. What is k(-5)?
-6
Let t(k) = -k**3 + 38*k**2 + 125*k - 57. What is t(41)?
25
Let n(o) = o**3 + 12*o**2 - 7*o - 14. Calculate n(-12).
70
Let m(w) = 3*w**2 + 43*w + 11. Determine m(-14).
-3
Let m(t) = 17*t**3 + 4*t**2 - 6*t - 9. Give m(-1).
-16
Let i(o) = 5*o - 1. Determine i(2).
9
Let s(j) = -2*j + 1. What is s(9)?
-17
Let h(p) = -p**2 - p - 8. Give h(0).
-8
Let r(s) = -s**3 + 10*s**2 + 4*s - 5. What is r(10)?
35
Let c(v) = -9*v - 47. Calculate c(-5).
-2
Let n(r) = r**3 + 7*r**2 + r - 1. Calculate n(-4).
43
Let j(s) = -7*s**2 - s - 1. Calculate j(-1).
-7
Let k(n) = -n**2 - 3*n - 2. Calculate k(-4).
-6
Let f(p) = -2*p**2 + 40*p - 137. What is f(16)?
-9
Let p(g) = g**3 + 5*g**2 - g - 2. Give p(-4).
18
Let t(v) = -v**2 + 5*v + 11. Calculate t(6).
5
Let c(f) = -5*f + 3. Calculate c(-2).
13
Let m(a) = 5*a**2 - a. What is m(-1)?
6
Let x(g) = -2*g + 12. Calculate x(6).
0
Let r(i) = -i**2 - 46*i - 474. Calculate r(-31).
-9
Let n(j) = 14*j. Give n(-2).
-28
Let c(s) = -5*s + 27. Calculate c(6).
-3
Let h(t) = -94*t - 5. What is h(-1)?
89
Let q(w) = -w**3 - 20*w**2 - 71*w - 107. Determine q(-16).
5
Let o(n) = -6*n + 12. Determine o(-5).
42
Let h(q) = -q**2 + 10*q - 5. Calculate h(9).
4
Let z(q) = q**2 + 7*q + 4. What is z(-7)?
4
Let h(z) = z**2 + 4*z + 7. Determine h(-3).
4
Let n(r) = 3*r - 5. What is n(-1)?
-8
Let u(j) = j**2 + j + 9. What is u(0)?
9
Let p(f) = f**2 - 32. Calculate p(-6).
4
Let a(f) = 2*f + 2. Calculate a(-3).
-4
Let y(w) = 6*w - 27. What is y(8)?
21
Let x(q) = q**3 + q**2 - 2*q - 2. What is x(-2)?
-2
Let p(s) = -s**2 + 15*s + 14. Give p(10).
64
Let k(h) = 7*h + 68. What is k(-11)?
-9
Let i(p) = p**3 - 18*p**2 + p - 10. Give i(18).
8
Let d(q) = q**3 + 12*q**2 - 15*q - 